, what is 10 + 1000222?
1001002
In base 5, what is 324 + 10303?
11132
In base 9, what is 0 + 38567?
38567
In base 13, what is -518 - 155?
-670
In base 4, what is 12113313030 - 0?
12113313030
In base 12, what is 46 - -29?
73
In base 15, what is -8 - 2b3a0?
-2b3a8
In base 13, what is -15c - 40?
-19c
In base 15, what is 9 + b74?
b7d
In base 6, what is 24 - 1023031?
-1023003
In base 3, what is 2 + 221100?
221102
In base 6, what is -2235 - 1000?
-3235
In base 7, what is 12522511 + 0?
12522511
In base 13, what is 0 - 258a44?
-258a44
In base 4, what is -10 - -3022?
3012
In base 8, what is -5 - 770?
-775
In base 6, what is 24542 - 2003?
22535
In base 16, what is 25 + b3b?
b60
In base 11, what is 14653 - 1?
14652
In base 2, what is -1001101100011110 - 11111?
-1001101100111101
In base 6, what is 21310140 - -1?
21310141
In base 8, what is 27 + -16326?
-16277
In base 13, what is -16c - -2954?
27b5
In base 8, what is 4 - -226211?
226215
In base 7, what is -4 + 50424?
50420
In base 3, what is 11102122112 + -12?
11102122100
In base 4, what is -12 + 202322202?
202322130
In base 3, what is -20 - 202001222?
-202002012
In base 8, what is 177167 + 0?
177167
In base 14, what is 1126328 + 1?
1126329
In base 2, what is 11001 - 10011101001001?
-10011100110000
In base 5, what is -40201202 + -4?
-40201211
In base 10, what is -49941 + -5?
-49946
In base 6, what is 0 + 4032554?
4032554
In base 10, what is 558 + 544?
1102
In base 8, what is 1 + 111362?
111363
In base 4, what is 101 - -31212?
31313
In base 10, what is -29 + 6458?
6429
In base 5, what is 3 - -3324?
3332
In base 10, what is 14 - 15313?
-15299
In base 9, what is -748 + 11?
-737
In base 10, what is 8472 + -17?
8455
In base 11, what is -737 - 86?
-812
In base 3, what is -20 + -2111022110?
-2111022200
In base 7, what is -102405 - -142?
-102233
In base 15, what is b - -1317?
1323
In base 4, what is 301 + 32112?
33013
In base 7, what is 20203125 + 2?
20203130
In base 2, what is -1011010010110000011 - 11?
-1011010010110000110
In base 15, what is -ed - -1a?
-d3
In base 2, what is -101000101 - -101010000001110?
101001011001001
In base 2, what is 1100001011101 + 11?
1100001100000
In base 5, what is -44004 + -3?
-44012
In base 5, what is 1232142 - -43?
1232240
In base 8, what is -15621 + 4?
-15615
In base 10, what is 138233 - -5?
138238
In base 7, what is 45 - -155053?
155131
In base 12, what is -4934 + -3?
-4937
In base 16, what is -5 - -5885?
5880
In base 12, what is 51aa + 29?
5217
In base 4, what is -13 - -33323?
33310
In base 10, what is -19801 - -43?
-19758
In base 2, what is 10 - 110100101000?
-110100100110
In base 4, what is -2312300 + 1?
-2312233
In base 9, what is -1200 - 2434?
-3634
In base 7, what is 16606 - 60?
16516
In base 8, what is 0 + -1742746?
-1742746
In base 3, what is -2 + -100012001210?
-100012001212
In base 4, what is -21230223 + -122?
-21231011
In base 4, what is 302 + -32332312?
-32332010
In base 14, what is 39 - -29228?
29263
In base 3, what is 121200 + -100110?
21020
In base 14, what is -2ab - 67?
-334
In base 2, what is -101000 - 1101011101?
-1110000101
In base 14, what is -2d1 + 1303?
1012
In base 3, what is 220111121 - -1011?
220112202
In base 6, what is 110130 - 1?
110125
In base 10, what is -3742 - 4?
-3746
In base 5, what is -32 + 31431?
31344
In base 5, what is -1120032 - 120?
-1120202
In base 14, what is 41da + 2?
41dc
In base 8, what is 64 - 13751?
-13665
In base 2, what is -100 + -100111110100101000011?
-100111110100101000111
In base 13, what is 7 + -982b5?
-982ab
In base 15, what is -1c - -d49?
d2c
In base 8, what is -10026 - 134?
-10162
In base 15, what is 219 + -130?
d9
In base 5, what is 13443130 - 1?
13443124
In base 5, what is 11112 - -142234?
203401
In base 2, what is -1011010 - -110011101001110?
110011011110100
In base 15, what is -43c - 13?
-450
In base 4, what is -113123 + 2?
-113121
In base 5, what is 412343 + -20?
412323
In base 13, what is 315 - ac?
236
In base 10, what is 29 + -39088?
-39059
In base 15, what is -81d3 - 4?
-81d7
In base 3, what is 1022211 + 11200?
1111111
In base 12, what is -170a6 + 7?
-1709b
In base 5, what is -43 + -21041?
-21134
In base 12, what is -5b + 23469?
2340a
In base 12, what is 447 - 119?
32a
In base 16, what is e + -3db?
-3cd
In base 3, what is -11 - 2012012102?
-2012012120
In base 7, what is 3 - -216220?
216223
In base 13, what is 48a + -186?
304
In base 10, what is -4292 - -8?
-4284
In base 13, what is -2ba0 + -9?
-2ba9
In base 15, what is -16 + 648?
632
In base 15, what is -47c + -335?
-7b2
In base 7, what is 30 - 15460?
-15430
In base 16, what is 2 - -11315?
11317
In base 8, what is -105 - -413?
306
In base 7, what is -5 - -46261?
46253
In base 11, what is -10687 - -5?
-10682
In base 3, what is 101202222 - 102?
101202120
In base 12, what is 4 + -58687?
-58683
In base 14, what is -4 - -3786c?
37868
In base 2, what is 10 - -10110010001000110?
10110010001001000
In base 11, what is -59 - 320?
-379
In base 7, what is -52 - -10011?
6626
In base 4, what is -1200130 + -10333?
-1211123
In base 7, what is 103 + -1204?
-1101
In base 11, what is 22 - -46?
68
In base 10, what is 6 - -11317?
11323
In base 2, what is 110010 - 10101001010111?
-10101000100101
In base 5, what is 1 - 431140?
-431134
In base 3, what is 1022 + 1112222221?
1120001020
In base 3, what is -11002001022 - -2?
-11002001020
In base 16, what is -e5 + 56?
-8f
In base 5, what is 2024 + -4031?
-2002
In base 9, what is 661674 - -4?
661678
In base 7, what is 2211512 + 0?
2211512
In base 8, what is 4 - -150744?
150750
In base 5, what is 2 - 231314421?
-231314414
In base 6, what is 3412 + 54?
3510
In base 10, what is 9721 + -282?
9439
In base 9, what is -17 + 10848?
10831
In base 11, what is -1 - 827?
-828
In base 3, what is -212221 - -1021100?
101102
In base 8, what is 65275 + -1?
65274
In base 15, what is 13ce - c?
13c2
In base 6, what is 1101 - 1115?
-14
In base 4, what is -10110 + -1300?
-12010
In base 12, what is 1 + 924b?
9250
In base 14, what is -6c40 - -18b?
-6a93
In base 5, what is 13131 - -1124?
14310
In base 10, what is -1 + -483793?
-483794
In base 4, what is -2 - 112301302?
-112301310
In base 7, what is -14 + -32560?
-32604
In base 4, what is -1003311312 + 3?
-1003311303
In base 7, what is 1 + 203000?
203001
In base 15, what is ad - 74b?
-68d
In base 10, what is 38 - 472?
-434
In base 10, what is 220 - -2078?
2298
In base 6, what is -120 - -1521531?
1521411
In base 8, what is -106 - -230?
122
In base 2, what is 1010000001100110 - -10?
1010000001101000
In base 8, what is 125 - -1336?
1463
In base 3, what is 11021 + 121020?
202111
In base 6, what is -424 - 45?
-513
In base 15, what is -2 - 1e04c?
-1e04e
In base 3, what is 12122110 + 10002?
12202112
In base 14, what is -191 + 7d?
-112
In base 13, what is 9 - 28c6?
-28ba
In base 2, what is 1101010010100101 - -101?
1101010010101010
In base 6, what is -100433 + 201?
-100232
In base 16, what is -2ba + -8?
-2c2
In base 10, what is -74743 + 5?
-74738
In base 2, what is 10011101 + 10111100010?
11001111111
In base 14, what is 7bda - 4?
7bd6
In base 16, what is -8b55 - -5?
-8b50
In base 5, what is -1441423 - 12?
-1441440
In base 8, what is -25220 - -32?
-25166
In base 16, what is -71f + -29?
-748
In base 14, what is 37 - 38b?
-354
In base 3, what is 10021 + 1211101?
1221122
In base 5, what is 3 - 431142?
-431134
In base 16, what is 29b + -f5?
1a6
In base 2, what is 10100000010110111111 + 1?
10100000010111000000
In base 9, what is 8818 + -4?
8814
In base 6, what is -31 - 111344?
-111415
In base 4, what is -1133122310 + 3?
-1133122301
In base 14, what is 40170 + -3?
4016b
In base 6, what is -3 + -1345523?
-1345530
In base 13, what is -2 - -88059?
88057
In base 13, what is -555 - -5a?
-4c8
In base 5, what is -2 - 4334?
-4341
In base 11, what is 1a - 5728?
-5709
In base 7, what is -25 - -56334?
56306
In base 4, what is -2 + 313110?
313102
In base 5, what is 2 + 24313240?
24313242
In base 2, what is 1000001000 - -10111010?
1011000010
In base 16, what is 36 + -2ef?
-2b9
In base 12, what is 2 - baa26?
-baa24
In base 13, what is 2407 - -54?
245b
In base 2, what is -110001101100011 + -1000?
-110001101101011
In base 13, what is -b - -1755?
1747
In base 9, what is 76531 - 68?
76452
In base 16, what is 28 - 4c7?
-49f
In base 16, what is 36fe -